{"id":62,"date":"2018-02-04T15:39:24","date_gmt":"2018-02-04T15:39:24","guid":{"rendered":"http:\/\/www.bienvenidoacasa.org.mx\/?page_id=62"},"modified":"2020-08-04T22:18:14","modified_gmt":"2020-08-04T22:18:14","slug":"regularizacion","status":"publish","type":"page","link":"https:\/\/www.bienvenidoacasa.org.mx\/?page_id=62","title":{"rendered":"Taller de Computaci\u00f3n"},"content":{"rendered":"<p style=\"text-align: justify;\">La idea es reforzar lo que los maestros han ense\u00f1ado en la escuela y, adem\u00e1s mejorar en todas las esferas en que se desenvuelven los ni\u00f1os:\u00a0<span style=\"color: #008000;\">emocional, social, acad\u00e9mica e incorporarlos a los nuevos retos online.<br \/>\n<\/span><\/p>\n<p style=\"text-align: justify;\">Ayudando a los peque\u00f1itos en los problemas a la hora de afrontar las materias escolares en materia de computaci\u00f3n buscamos que los planes escolares de los distintos grados puedan ser cubiertos en todos sus objetivos, \u00a1Como debe ser!<\/p>\n<p style=\"text-align: center;\">\u00bfSAB\u00cdAS QUE TU DONATIVO ES DEDUCIBLE DE IMPUESTOS?<\/p>\n","protected":false},"excerpt":{"rendered":"<p>La idea es reforzar lo que los maestros han ense\u00f1ado en la escuela y, adem\u00e1s mejorar en todas las esferas en que se desenvuelven los ni\u00f1os:\u00a0emocional, social, acad\u00e9mica e incorporarlos a los nuevos retos online. Ayudando a los peque\u00f1itos en los problemas a la hora de afrontar las materias escolares en materia de computaci\u00f3n buscamos [&hellip;]<\/p>\n","protected":false},"author":1,"featured_media":400,"parent":0,"menu_order":0,"comment_status":"closed","ping_status":"closed","template":"","meta":{"footnotes":""},"class_list":["post-62","page","type-page","status-publish","has-post-thumbnail","hentry"],"_links":{"self":[{"href":"https:\/\/www.bienvenidoacasa.org.mx\/index.php?rest_route=\/wp\/v2\/pages\/62","targetHints":{"allow":["GET"]}}],"collection":[{"href":"https:\/\/www.bienvenidoacasa.org.mx\/index.php?rest_route=\/wp\/v2\/pages"}],"about":[{"href":"https:\/\/www.bienvenidoacasa.org.mx\/index.php?rest_route=\/wp\/v2\/types\/page"}],"author":[{"embeddable":true,"href":"https:\/\/www.bienvenidoacasa.org.mx\/index.php?rest_route=\/wp\/v2\/users\/1"}],"replies":[{"embeddable":true,"href":"https:\/\/www.bienvenidoacasa.org.mx\/index.php?rest_route=%2Fwp%2Fv2%2Fcomments&post=62"}],"version-history":[{"count":7,"href":"https:\/\/www.bienvenidoacasa.org.mx\/index.php?rest_route=\/wp\/v2\/pages\/62\/revisions"}],"predecessor-version":[{"id":399,"href":"https:\/\/www.bienvenidoacasa.org.mx\/index.php?rest_route=\/wp\/v2\/pages\/62\/revisions\/399"}],"wp:featuredmedia":[{"embeddable":true,"href":"https:\/\/www.bienvenidoacasa.org.mx\/index.php?rest_route=\/wp\/v2\/media\/400"}],"wp:attachment":[{"href":"https:\/\/www.bienvenidoacasa.org.mx\/index.php?rest_route=%2Fwp%2Fv2%2Fmedia&parent=62"}],"curies":[{"name":"wp","href":"https:\/\/api.w.org\/{rel}","templated":true}]}}